Dec 02 13:05:33.783 INFO testing triehash-0.3.0 against master#8940af3cea4a9a9deabcaf843b2f8cad9a83fc61 for beta-1.31-5
Dec 02 13:05:33.783 INFO running `"docker" "create" "-v" "/mnt/big/crater/work/local/target-dirs/beta-1.31-5/worker-7/master#8940af3cea4a9a9deabcaf843b2f8cad9a83fc61:/target:rw,Z" "-v" "/mnt/big/crater/work/local/test-source/worker-7/beta-1.31-5/master#8940af3cea4a9a9deabcaf843b2f8cad9a83fc61:/source:ro,Z" "-v" "/mnt/big/crater/work/local/cargo-home:/cargo-home:ro,Z" "-v" "/mnt/big/crater/work/local/rustup-home:/rustup-home:ro,Z" "-e" "USER_ID=1000" "-e" "SOURCE_DIR=/source" "-e" "USER_ID=1000" "-e" "CMD=cargo +8940af3cea4a9a9deabcaf843b2f8cad9a83fc61-alt build --frozen" "-e" "CARGO_TARGET_DIR=/target" "-e" "CARGO_INCREMENTAL=0" "-e" "RUST_BACKTRACE=full" "-e" "RUSTFLAGS=--cap-lints=warn" "-e" "CARGO_HOME=/cargo-home" "-e" "RUSTUP_HOME=/rustup-home" "-m" "1536M" "--network" "none" "crater"`
Dec 02 13:05:34.211 INFO [stdout] 6271504609e7b12889560504d30cbdea2f7329f4278620de44f4fba7bc9daab0
Dec 02 13:05:34.216 INFO running `"docker" "start" "-a" "6271504609e7b12889560504d30cbdea2f7329f4278620de44f4fba7bc9daab0"`
Dec 02 13:05:34.699 INFO [stderr] usermod: no changes
Dec 02 13:05:34.764 INFO [stderr]    Compiling rustc-hex v2.0.1
Dec 02 13:05:34.764 INFO [stderr]    Compiling hashdb v0.3.0
Dec 02 13:05:35.359 INFO [stderr]    Compiling rlp v0.3.0
Dec 02 13:05:36.515 INFO [stderr]    Compiling triehash v0.3.0 (/source)
Dec 02 13:05:37.149 INFO [stderr]     Finished dev [unoptimized + debuginfo] target(s) in 2.42s
Dec 02 13:05:37.153 INFO [stderr] su: No module specific data is present
Dec 02 13:05:37.393 INFO running `"docker" "inspect" "6271504609e7b12889560504d30cbdea2f7329f4278620de44f4fba7bc9daab0"`
Dec 02 13:05:37.500 INFO running `"docker" "rm" "-f" "6271504609e7b12889560504d30cbdea2f7329f4278620de44f4fba7bc9daab0"`
Dec 02 13:05:37.583 INFO [stdout] 6271504609e7b12889560504d30cbdea2f7329f4278620de44f4fba7bc9daab0
Dec 02 13:05:37.587 INFO running `"docker" "create" "-v" "/mnt/big/crater/work/local/target-dirs/beta-1.31-5/worker-7/master#8940af3cea4a9a9deabcaf843b2f8cad9a83fc61:/target:rw,Z" "-v" "/mnt/big/crater/work/local/test-source/worker-7/beta-1.31-5/master#8940af3cea4a9a9deabcaf843b2f8cad9a83fc61:/source:ro,Z" "-v" "/mnt/big/crater/work/local/cargo-home:/cargo-home:ro,Z" "-v" "/mnt/big/crater/work/local/rustup-home:/rustup-home:ro,Z" "-e" "USER_ID=1000" "-e" "SOURCE_DIR=/source" "-e" "USER_ID=1000" "-e" "CMD=cargo +8940af3cea4a9a9deabcaf843b2f8cad9a83fc61-alt test --frozen --no-run" "-e" "CARGO_TARGET_DIR=/target" "-e" "CARGO_INCREMENTAL=0" "-e" "RUST_BACKTRACE=full" "-e" "RUSTFLAGS=--cap-lints=warn" "-e" "CARGO_HOME=/cargo-home" "-e" "RUSTUP_HOME=/rustup-home" "-m" "1536M" "--network" "none" "crater"`
Dec 02 13:05:37.830 INFO [stdout] 0e4dd8e5fd48226fa603f05aee823e3261c595c9ddb80895007bae7a32aea387
Dec 02 13:05:37.831 INFO running `"docker" "start" "-a" "0e4dd8e5fd48226fa603f05aee823e3261c595c9ddb80895007bae7a32aea387"`
Dec 02 13:05:38.703 INFO [stderr] usermod: no changes
Dec 02 13:05:38.887 INFO [stderr]    Compiling parity-bytes v0.1.0
Dec 02 13:05:38.887 INFO [stderr]    Compiling ethereum-types-serialize v0.2.1
Dec 02 13:05:38.887 INFO [stderr]    Compiling elastic-array v0.10.0
Dec 02 13:05:38.887 INFO [stderr]    Compiling uint v0.4.1
Dec 02 13:05:38.887 INFO [stderr]    Compiling plain_hasher v0.2.0
Dec 02 13:05:38.887 INFO [stderr]    Compiling fixed-hash v0.2.5
Dec 02 13:05:41.059 INFO [stderr]    Compiling ethbloom v0.5.0
Dec 02 13:05:41.872 INFO [stderr]    Compiling hashdb v0.2.1
Dec 02 13:05:53.178 INFO [stderr]    Compiling ethereum-types v0.4.0
Dec 02 13:06:08.821 INFO [stderr]    Compiling keccak-hash v0.1.2
Dec 02 13:06:08.821 INFO [stderr]    Compiling rlp v0.2.4
Dec 02 13:06:08.821 INFO [stderr]    Compiling keccak-hasher v0.1.1
Dec 02 13:06:11.635 INFO [stderr]    Compiling trie-standardmap v0.1.1
Dec 02 13:06:12.867 INFO [stderr]    Compiling triehash v0.3.0 (/source)
Dec 02 13:06:14.231 INFO [stderr] error[E0277]: the trait bound `keccak_hasher::KeccakHasher: hashdb::Hasher` is not satisfied
Dec 02 13:06:14.231 INFO [stderr]    --> src/lib.rs:318:14
Dec 02 13:06:14.231 INFO [stderr]     |
Dec 02 13:06:14.231 INFO [stderr] 318 |         assert_eq!(trie_root::<KeccakHasher, _, _, _>(vec![
Dec 02 13:06:14.231 INFO [stderr]     |                    ^^^^^^^^^^^^^^^^^^^^^^^^^^^^^^^^^^ the trait `hashdb::Hasher` is not implemented for `keccak_hasher::KeccakHasher`
Dec 02 13:06:14.231 INFO [stderr] 
Dec 02 13:06:14.231 INFO [stderr] error[E0277]: the trait bound `keccak_hasher::KeccakHasher: hashdb::Hasher` is not satisfied
Dec 02 13:06:14.231 INFO [stderr]    --> src/lib.rs:318:14
Dec 02 13:06:14.231 INFO [stderr]     |
Dec 02 13:06:14.231 INFO [stderr] 318 |           assert_eq!(trie_root::<KeccakHasher, _, _, _>(vec![
Dec 02 13:06:14.231 INFO [stderr]     |  ____________________^
Dec 02 13:06:14.231 INFO [stderr] 319 | |             (b"A", b"aaaaaaaaaaaaaaaaaaaaaaaaaaaaaaaaaaaaaaaaaaaaaaaaaa" as &[u8])
Dec 02 13:06:14.231 INFO [stderr] 320 | |         ]), "d23786fb4a010da3ce639d66d5e904a11dbc02746d1ce25029e53290cabf28ab".into());
Dec 02 13:06:14.231 INFO [stderr]     | |__________^ the trait `hashdb::Hasher` is not implemented for `keccak_hasher::KeccakHasher`
Dec 02 13:06:14.231 INFO [stderr] 
Dec 02 13:06:14.242 INFO [stderr] error[E0277]: the trait bound `keccak_hasher::KeccakHasher: hashdb::Hasher` is not satisfied
Dec 02 13:06:14.242 INFO [stderr]    --> src/lib.rs:325:11
Dec 02 13:06:14.242 INFO [stderr]     |
Dec 02 13:06:14.242 INFO [stderr] 325 |         assert!(trie_root::<KeccakHasher, _, _, _>(vec![
Dec 02 13:06:14.242 INFO [stderr]     |                 ^^^^^^^^^^^^^^^^^^^^^^^^^^^^^^^^^^ the trait `hashdb::Hasher` is not implemented for `keccak_hasher::KeccakHasher`
Dec 02 13:06:14.242 INFO [stderr] 
Dec 02 13:06:14.242 INFO [stderr] error[E0277]: the trait bound `keccak_hasher::KeccakHasher: hashdb::Hasher` is not satisfied
Dec 02 13:06:14.242 INFO [stderr]    --> src/lib.rs:325:11
Dec 02 13:06:14.242 INFO [stderr]     |
Dec 02 13:06:14.242 INFO [stderr] 325 |           assert!(trie_root::<KeccakHasher, _, _, _>(vec![
Dec 02 13:06:14.242 INFO [stderr]     |  _________________^
Dec 02 13:06:14.242 INFO [stderr] 326 | |             (vec![0x01u8, 0x23], vec![0x01u8, 0x23]),
Dec 02 13:06:14.242 INFO [stderr] 327 | |             (vec![0x81u8, 0x23], vec![0x81u8, 0x23]),
Dec 02 13:06:14.242 INFO [stderr] 328 | |             (vec![0xf1u8, 0x23], vec![0xf1u8, 0x23]),
Dec 02 13:06:14.242 INFO [stderr] 329 | |         ]) ==
Dec 02 13:06:14.242 INFO [stderr]     | |__________^ the trait `hashdb::Hasher` is not implemented for `keccak_hasher::KeccakHasher`
Dec 02 13:06:14.242 INFO [stderr] 
Dec 02 13:06:14.243 INFO [stderr] error[E0277]: the trait bound `keccak_hasher::KeccakHasher: hashdb::Hasher` is not satisfied
Dec 02 13:06:14.243 INFO [stderr]    --> src/lib.rs:330:3
Dec 02 13:06:14.243 INFO [stderr]     |
Dec 02 13:06:14.243 INFO [stderr] 330 |         trie_root::<KeccakHasher, _, _, _>(vec![
Dec 02 13:06:14.243 INFO [stderr]     |         ^^^^^^^^^^^^^^^^^^^^^^^^^^^^^^^^^^ the trait `hashdb::Hasher` is not implemented for `keccak_hasher::KeccakHasher`
Dec 02 13:06:14.243 INFO [stderr] 
Dec 02 13:06:14.243 INFO [stderr] error[E0277]: the trait bound `keccak_hasher::KeccakHasher: hashdb::Hasher` is not satisfied
Dec 02 13:06:14.243 INFO [stderr]    --> src/lib.rs:330:3
Dec 02 13:06:14.243 INFO [stderr]     |
Dec 02 13:06:14.243 INFO [stderr] 330 |           trie_root::<KeccakHasher, _, _, _>(vec![
Dec 02 13:06:14.243 INFO [stderr]     |  _________^
Dec 02 13:06:14.243 INFO [stderr] 331 | |             (vec![0x01u8, 0x23], vec![0x01u8, 0x23]),
Dec 02 13:06:14.244 INFO [stderr] 332 | |             (vec![0xf1u8, 0x23], vec![0xf1u8, 0x23]), // last two tuples are swapped
Dec 02 13:06:14.244 INFO [stderr] 333 | |             (vec![0x81u8, 0x23], vec![0x81u8, 0x23]),
Dec 02 13:06:14.244 INFO [stderr] 334 | |         ]));
Dec 02 13:06:14.244 INFO [stderr]     | |__________^ the trait `hashdb::Hasher` is not implemented for `keccak_hasher::KeccakHasher`
Dec 02 13:06:14.244 INFO [stderr] 
Dec 02 13:06:14.262 INFO [stderr] error: aborting due to 6 previous errors
Dec 02 13:06:14.262 INFO [stderr] 
Dec 02 13:06:14.262 INFO [stderr] For more information about this error, try `rustc --explain E0277`.
Dec 02 13:06:14.273 INFO [stderr] error: Could not compile `triehash`.
Dec 02 13:06:14.273 INFO [stderr] 
Dec 02 13:06:14.273 INFO [stderr] To learn more, run the command again with --verbose.
Dec 02 13:06:14.274 INFO [stderr] su: No module specific data is present
Dec 02 13:06:14.676 INFO running `"docker" "inspect" "0e4dd8e5fd48226fa603f05aee823e3261c595c9ddb80895007bae7a32aea387"`
Dec 02 13:06:14.854 INFO running `"docker" "rm" "-f" "0e4dd8e5fd48226fa603f05aee823e3261c595c9ddb80895007bae7a32aea387"`
Dec 02 13:06:15.015 INFO [stdout] 0e4dd8e5fd48226fa603f05aee823e3261c595c9ddb80895007bae7a32aea387
